ime factors of 556264553?
13, 2029, 21089
What are the prime factors of 2818219493?
199, 509, 27823
List the prime factors of 9049634087.
13, 15083, 46153
List the prime factors of 586751422.
2, 263, 1115497
List the prime factors of 680893899.
3, 7, 19, 1706501
What are the prime factors of 404437119?
3, 134812373
List the prime factors of 90787626.
2, 3, 109, 46273
What are the prime factors of 215317671?
3, 19, 3777503
List the prime factors of 338645165.
5, 1187, 57059
List the prime factors of 175158794.
2, 461, 189977
List the prime factors of 382156034.
2, 13, 31, 251, 1889
List the prime factors of 27623158.
2, 103, 134093
What are the prime factors of 238034287?
238034287
What are the prime factors of 1146278814?
2, 3, 191046469
What are the prime factors of 1229246843?
11, 127, 879919
What are the prime factors of 160768677?
3, 17, 107, 1733
What are the prime factors of 1926844306?
2, 963422153
List the prime factors of 965252203.
2143, 450421
List the prime factors of 5371400.
2, 5, 107, 251
What are the prime factors of 475375648?
2, 11, 41, 32939
What are the prime factors of 262241043?
3, 41, 149, 349
List the prime factors of 127439789.
10037, 12697
What are the prime factors of 39931268?
2, 13, 767909
What are the prime factors of 961262384?
2, 31, 41, 47269
List the prime factors of 222992491.
359, 401, 1549
What are the prime factors of 4646576?
2, 11, 17, 1553
What are the prime factors of 2300292829?
26927, 85427
List the prime factors of 2163881149.
41, 701, 75289
What are the prime factors of 918445007?
523, 1756109
List the prime factors of 641257307.
1741, 368327
What are the prime factors of 299996646?
2, 3, 49999441
What are the prime factors of 574788514?
2, 287394257
List the prime factors of 291933971.
7, 431, 96763
List the prime factors of 908391785.
5, 7, 23, 619, 1823
What are the prime factors of 739979033?
739979033
List the prime factors of 57995267.
11, 67, 78691
List the prime factors of 2271457618.
2, 17, 149, 448373
What are the prime factors of 4803702263?
4803702263
What are the prime factors of 144431264?
2, 4513477
List the prime factors of 1876020800.
2, 5, 31, 109, 347
List the prime factors of 2104518.
2, 3, 13, 26981
List the prime factors of 1353614047.
4373, 309539
What are the prime factors of 175142660?
2, 5, 7, 11, 211
What are the prime factors of 341905381?
341905381
What are the prime factors of 31987689?
3, 151, 241, 293
List the prime factors of 768962754.
2, 3, 7, 547, 3719
List the prime factors of 180189872.
2, 149, 75583
What are the prime factors of 14480894?
2, 7240447
What are the prime factors of 144189004?
2, 3373, 10687
What are the prime factors of 822223990?
2, 5, 7, 37, 523, 607
List the prime factors of 2528728800.
2, 3, 5, 13, 81049
What are the prime factors of 258271595?
5, 51654319
What are the prime factors of 18694985?
5, 17, 219941
What are the prime factors of 76695936?
2, 3, 199729
List the prime factors of 362109858.
2, 3, 11, 2287, 2399
List the prime factors of 49487082.
2, 3, 41, 201167
List the prime factors of 13287319.
17, 781607
List the prime factors of 1177960925.
5, 47118437
List the prime factors of 31994223.
3, 10664741
What are the prime factors of 947764596?
2, 3, 78980383
What are the prime factors of 1565170170?
2, 3, 5, 193, 270323
List the prime factors of 49284608.
2, 96259
What are the prime factors of 8066051?
7, 19, 60647
List the prime factors of 58752754.
2, 41, 349, 2053
What are the prime factors of 33147531?
3, 23, 79, 2027
List the prime factors of 79344099.
3, 83, 106217
What are the prime factors of 10190992?
2, 7, 19, 4789
List the prime factors of 5251796975.
5, 210071879
What are the prime factors of 33759706?
2, 239, 70627
List the prime factors of 4054592529.
3, 13, 859, 40343
List the prime factors of 210001903.
1129, 186007
What are the prime factors of 542245751?
542245751
List the prime factors of 764373240.
2, 3, 5, 707753
List the prime factors of 225945743.
137, 269, 6131
What are the prime factors of 4497457?
73, 61609
What are the prime factors of 30408325?
5, 17, 71549
List the prime factors of 8006130.
2, 3, 5, 11, 8087
List the prime factors of 6743404832.
2, 12671, 16631
What are the prime factors of 530062226?
2, 15959, 16607
List the prime factors of 967613935.
5, 10663, 18149
List the prime factors of 96512005.
5, 19302401
List the prime factors of 379267430.
2, 5, 37926743
What are the prime factors of 80208159?
3, 17, 181, 8689
What are the prime factors of 432389803?
432389803
What are the prime factors of 40563741?
3, 919, 14713
What are the prime factors of 5960765?
5, 1192153
What are the prime factors of 59893118?
2, 229, 251, 521
List the prime factors of 576753365.
5, 1493, 77261
List the prime factors of 1051960830.
2, 3, 5, 293, 119677
What are the prime factors of 945940940?
2, 5, 7, 6756721
List the prime factors of 3793079903.
9829, 385907
List the prime factors of 210563178.
2, 3, 7, 67, 74827
What are the prime factors of 448751763?
3, 49861307
What are the prime factors of 13011039?
3, 1445671
What are the prime factors of 353118991?
2521, 140071
List the prime factors of 4687904.
2, 13, 59, 191
What are the prime factors of 4003725414?
2, 3, 13, 23, 2231731
List the prime factors of 126207329.
19, 211, 31481
List the prime factors of 150240568.
2, 251, 74821
List the prime factors of 5760083602.
2, 7, 13, 179, 176809
List the prime factors of 104740532.
2, 13, 1297, 1553
What are the prime factors of 56150609?
17, 419, 7883
What are the prime factors of 1097805018?
2, 3, 127, 1440689
List the prime factors of 4725361869.
3, 269, 2089, 2803
What are the prime factors of 2231806856?
2, 107, 239, 10909
List the prime factors of 1156573448.
2, 144571681
List the prime factors of 443266413.
3, 139, 1062989
What are the prime factors of 302034872?
2, 73, 517183
What are the prime factors of 128227251?
3, 383, 111599
What are the prime factors of 258197864?
2, 32274733
What are the prime factors of 195792719?
195792719
List the prime factors of 5186454289.
743, 6980423
List the prime factors of 106813011.
3, 31, 1148527
List the prime factors of 2201982191.
2201982191
What are the prime factors of 4621985685?
3, 5, 34236931
List the prime factors of 299511256.
2, 11, 419, 8123
What are the prime factors of 33273969?
3, 11091323
What are the prime factors of 615605331?
3, 11, 18654707
List the prime factors of 37206428.
2, 7, 127, 10463
What are the prime factors of 1999576579?
7, 11, 13, 151, 13229
What are the prime factors of 2141504049?
3, 67, 10654249
List the prime factors of 6253536552.
2, 3, 260564023
List the prime factors of 81142450.
2, 5, 1622849
What are the prime factors of 283867386?
2, 3, 11, 4301021
List the prime factors of 424794696.
2, 3, 191, 92669
List the prime factors of 228560010.
2, 3, 5, 7, 89, 1747
What are the prime factors of 54987315?
3, 5, 89, 41189
What are the prime factors of 1811670126?
2, 3, 7, 1549, 27847
What are the prime factors of 248459857?
248459857
What are the prime factors of 1062582?
2, 3, 409, 433
List the prime factors of 530248134.
2, 3, 13, 6798053
What are the prime factors of 89109270?
2, 3, 5, 101, 9803
List the prime factors of 569981694.
2, 3, 1459, 65111
List the prime factors of 222412768.
2, 17, 107, 3821
What are the prime factors of 710187726?
2, 3, 6991, 16931
List the prime factors of 40968809.
7, 43, 131, 1039
What are the prime factors of 858041766?
2, 3, 37, 337, 3823
What are the prime factors of 190122800?
2, 5, 7, 67901
What are the prime factors of 3597363886?
2, 227, 419, 18911
List the prime factors of 22025388.
2, 3, 7, 11, 197
What are the prime factors of 324564452?
2, 81141113
List the prime factors of 515740648.
2, 64467581
List the prime factors of 32985200.
2, 5, 82463
List the prime factors of 77923244.
2, 7, 2782973
What are the prime factors of 1399528069?
1399528069
List the prime factors of 8505018.
2, 3, 89, 5309
List the prime factors of 949491859.
607, 1564237
What are the prime factors of 2172104089?
29, 74900141
What are the prime factors of 1488151008?
2, 3, 29, 59393
List the prime factors of 193922934.
2, 3, 32320489
What are the prime factors of 1362049376?
2, 42564043
What are the prime factors of 581553